{"id":143,"date":"2016-09-16T07:02:14","date_gmt":"2016-09-16T05:02:14","guid":{"rendered":"http:\/\/sw-themes.com\/porto_dummy\/?page_id=143"},"modified":"2025-06-24T15:44:03","modified_gmt":"2025-06-24T13:44:03","slug":"home","status":"publish","type":"page","link":"https:\/\/lespiedsdansthau.fr\/","title":{"rendered":"Accueil"},"content":{"rendered":"<div class=\"wpb-content-wrapper\"><p>[vc_row][vc_column][vc_empty_space][vc_btn title=&#8221;R\u00e9servation en ligne&#8221; shape=&#8221;round&#8221; color=&#8221;juicy-pink&#8221; size=&#8221;xl&#8221; skin=&#8221;primary&#8221; animation_duration=&#8221;10000&#8243; animation_delay=&#8221;500&#8243; link=&#8221;url:https%3A%2F%2Fles-pieds-dans-thau.amenitiz.io%2Ffr%2Fbooking%2Froom%3Finfo%255Barrival_date%255D%3D%26info%255Bdeparture_date%255D%3D%26info%255Btotal_adult%255D%3D1%26info%255Btotal_children%255D%3D0%26info%255Broom_id%255D%3D%26button%3D|||&#8221; css=&#8221;.vc_custom_1750772518169{background-position: center !important;background-repeat: no-repeat !important;background-size: cover !important;}&#8221; animation_type=&#8221;flash&#8221;][vc_custom_heading text=&#8221;Au coeur de Marseillan&#8221; font_container=&#8221;tag:h3|text_align:left&#8221; use_theme_fonts=&#8221;yes&#8221; text_transform=&#8221;text-uppercase&#8221; el_class=&#8221;m-t-lg m-b-none&#8221;][vc_column_text el_class=&#8221;lead m-t-xs&#8221;]Situ\u00e9s au coeur de Marseillan, nos h\u00e9bergements touristiques, aussi diversifi\u00e9s qu&#8217;ils soient, satisferont vos plus grands plaisirs&#8230;[\/vc_column_text][vc_column_text]Marseillan est un petit village de charme, au bord de l&#8217;\u00e9tang de Thau. Nous vous proposons quatres h\u00e9bergements :<\/p>\n<ul>\n<li>La Chambre des Onglous\u00a0 \u00a0 \u00a0<span style=\"font-size: 14px;\"><strong> 13 Chemin du canal du midi\u00a0<\/strong><\/span><\/li>\n<li>La Maison de Georges\u00a0 \u00a0 \u00a0 \u00a0 \u00a0 \u00a0<span style=\"font-size: 14px;\"><strong>13 bis\u00a0 Chemin du canal du midi<\/strong><\/span><\/li>\n<li>La R\u00e9sidence le Port\u00a0 \u00a0 \u00a0 \u00a0 \u00a0 \u00a0 \u00a0 \u00a0<span style=\"font-size: 14px;\"><strong>1 bis Rue du 19 mars 1962<\/strong><\/span><\/li>\n<li>\u00a0 \u00a0 \u00a0 \u00a0 \u00a0 \u00a0 \u00a0 \u00a0 \u00a0 \u00a0 \u00a0 \u00a0 Appartement Hippocampe<\/li>\n<li>\u00a0 \u00a0 \u00a0 \u00a0 \u00a0 \u00a0 \u00a0 \u00a0 \u00a0 \u00a0 \u00a0 \u00a0 Appartement le Taquet<\/li>\n<li>La Villa Les Pieds Dans Thau\u00a0 <span style=\"font-size: 14px;\"><strong>13 Chemin du canal du midi<\/strong><\/span><\/li>\n<\/ul>\n<p>Tr\u00e8s pris\u00e9 par les touristes, Marseillan est le lieu id\u00e9al aux vacances en famille ou en couple&#8230;[\/vc_column_text][vc_empty_space][vc_empty_space][vc_facebook type=&#8221;button_count&#8221; css_animation=&#8221;bounceInLeft&#8221; el_id=&#8221;https:\/\/www.facebook.com\/lespiedsdansthau&#8221; el_class=&#8221;tttttt&#8221; css=&#8221;.vc_custom_1593075067646{border-radius: 30px !important;}&#8221;][vc_column_text]Rejoignez nous[\/vc_column_text][\/vc_column][\/vc_row][vc_row][vc_column width=&#8221;1\/3&#8243;][vc_column_text]<\/p>\n<p style=\"text-align: center;\"><span style=\"font-size: 20px;\">&#8211; La Chambre Des Onglous &#8211;<\/span><\/p>\n<p>[\/vc_column_text][vc_hoverbox image=&#8221;637&#8243; primary_title=&#8221;&#8221; primary_title_font_container=&#8221;color:%23ffffff&#8221; primary_title_google_fonts=&#8221;font_family:Raleway%3A100%2C200%2C300%2Cregular%2C500%2C600%2C700%2C800%2C900|font_style:400%20regular%3A400%3Anormal&#8221; hover_title=&#8221;&#8221; hover_background_color=&#8221;chino&#8221; hover_btn_title=&#8221;En Savoir Plus&#8221; hover_btn_shape=&#8221;rounded&#8221; hover_btn_color=&#8221;black&#8221; hover_btn_size=&#8221;xl&#8221; use_custom_fonts_primary_title=&#8221;true&#8221; hover_add_button=&#8221;true&#8221; hover_btn_link=&#8221;url:http%3A%2F%2Flespiedsdansthau.fr%2Findex.php%2Fnos-hebergements%2Fla-chambre-des-onglous%2F|||&#8221;][\/vc_hoverbox][vc_empty_space][vc_hoverbox image=&#8221;836&#8243; primary_title=&#8221;&#8221; primary_title_font_container=&#8221;color:%23ffffff&#8221; primary_title_google_fonts=&#8221;font_family:Raleway%3A100%2C200%2C300%2Cregular%2C500%2C600%2C700%2C800%2C900|font_style:400%20regular%3A400%3Anormal&#8221; hover_title=&#8221;&#8221; hover_background_color=&#8221;chino&#8221; hover_btn_title=&#8221;En Savoir Plus&#8221; hover_btn_shape=&#8221;rounded&#8221; hover_btn_color=&#8221;black&#8221; hover_btn_size=&#8221;xl&#8221; use_custom_fonts_primary_title=&#8221;true&#8221; hover_add_button=&#8221;true&#8221; hover_btn_link=&#8221;url:http%3A%2F%2Flespiedsdansthau.fr%2Findex.php%2Fnos-hebergements%2Fla-chambre-des-onglous%2F|||&#8221;][\/vc_hoverbox][\/vc_column][vc_column width=&#8221;1\/3&#8243;][vc_column_text]<\/p>\n<p style=\"text-align: center;\"><span style=\"font-size: 20px;\">&#8211; La R\u00e9sidence Le Port &#8211;<\/span><\/p>\n<p style=\"text-align: center;\"><span style=\"color: #800000;\">Appartement Hippocampe<\/span><\/p>\n<p>[\/vc_column_text][vc_hoverbox image=&#8221;438&#8243; primary_title=&#8221;&#8221; primary_title_font_container=&#8221;color:%23ffffff&#8221; primary_title_google_fonts=&#8221;font_family:Raleway%3A100%2C200%2C300%2Cregular%2C500%2C600%2C700%2C800%2C900|font_style:400%20regular%3A400%3Anormal&#8221; hover_title=&#8221;&#8221; hover_background_color=&#8221;chino&#8221; hover_btn_title=&#8221;En Savoir Plus&#8221; hover_btn_shape=&#8221;rounded&#8221; hover_btn_color=&#8221;black&#8221; hover_btn_size=&#8221;xl&#8221; use_custom_fonts_primary_title=&#8221;true&#8221; hover_add_button=&#8221;true&#8221; hover_btn_link=&#8221;url:http%3A%2F%2Flespiedsdansthau.fr%2Findex.php%2Fnos-hebergements%2Fresidence-le-port%2F|||&#8221;][\/vc_hoverbox][vc_row_inner][vc_column_inner][vc_column_text][\/vc_column_text][vc_column_text]<\/p>\n<p style=\"text-align: center;\"><span style=\"color: #800000;\">Appartement le Taquet<\/span><\/p>\n<p>[\/vc_column_text][vc_hoverbox image=&#8221;759&#8243; primary_title=&#8221;&#8221; primary_title_font_container=&#8221;color:%23ffffff&#8221; primary_title_google_fonts=&#8221;font_family:Raleway%3A100%2C200%2C300%2Cregular%2C500%2C600%2C700%2C800%2C900|font_style:400%20regular%3A400%3Anormal&#8221; hover_title=&#8221;&#8221; hover_background_color=&#8221;chino&#8221; hover_btn_title=&#8221;En Savoir Plus&#8221; hover_btn_shape=&#8221;rounded&#8221; hover_btn_color=&#8221;black&#8221; hover_btn_size=&#8221;xl&#8221; use_custom_fonts_primary_title=&#8221;true&#8221; hover_add_button=&#8221;true&#8221; hover_btn_link=&#8221;url:http%3A%2F%2Flespiedsdansthau.fr%2Findex.php%2Fnos-hebergements%2Fresidence-le-port-appartement-hippocampe%2F|title:R%C3%A9sidence%20Le%20Port%20Appartement%20Taquet||&#8221;][\/vc_hoverbox][vc_separator][\/vc_column_inner][\/vc_row_inner][\/vc_column][vc_column width=&#8221;1\/3&#8243;][vc_column_text][\/vc_column_text][vc_column_text]<\/p>\n<p style=\"text-align: center;\"><span style=\"font-size: 20px;\">&#8211; La Maison de Georges &#8211;<\/span><\/p>\n<p>[\/vc_column_text][vc_hoverbox image=&#8221;910&#8243; primary_title=&#8221;&#8221; primary_title_font_container=&#8221;color:%23ffffff&#8221; primary_title_google_fonts=&#8221;font_family:Raleway%3A100%2C200%2C300%2Cregular%2C500%2C600%2C700%2C800%2C900|font_style:400%20regular%3A400%3Anormal&#8221; hover_title=&#8221;&#8221; hover_background_color=&#8221;chino&#8221; hover_btn_title=&#8221;En Savoir Plus&#8221; hover_btn_shape=&#8221;rounded&#8221; hover_btn_color=&#8221;black&#8221; hover_btn_size=&#8221;xl&#8221; use_custom_fonts_primary_title=&#8221;true&#8221; hover_add_button=&#8221;true&#8221; hover_btn_link=&#8221;url:https%3A%2F%2Flespiedsdansthau.fr%2Findex.php%2Fnos-hebergements%2Fla-maison-de-georges%2F|title:La%20Maison%20de%20Georges||&#8221;][\/vc_hoverbox][vc_row_inner][vc_column_inner][\/vc_column_inner][\/vc_row_inner][vc_column_text][\/vc_column_text][vc_column_text]<\/p>\n<p style=\"text-align: center;\"><span style=\"font-size: 20px;\">&#8211; La Villa Les Pieds Dans Thau &#8211;<\/span><\/p>\n<p>[\/vc_column_text][vc_hoverbox image=&#8221;507&#8243; primary_title=&#8221;&#8221; primary_title_font_container=&#8221;color:%23ffffff&#8221; primary_title_google_fonts=&#8221;font_family:Raleway%3A100%2C200%2C300%2Cregular%2C500%2C600%2C700%2C800%2C900|font_style:400%20regular%3A400%3Anormal&#8221; hover_title=&#8221;&#8221; hover_background_color=&#8221;chino&#8221; hover_btn_title=&#8221;En Savoir Plus&#8221; hover_btn_shape=&#8221;rounded&#8221; hover_btn_color=&#8221;black&#8221; hover_btn_size=&#8221;xl&#8221; use_custom_fonts_primary_title=&#8221;true&#8221; hover_add_button=&#8221;true&#8221; hover_btn_link=&#8221;url:http%3A%2F%2Flespiedsdansthau.fr%2Findex.php%2Fnos-hebergements%2Fla-villa-les-pieds-dans-thau%2F|||&#8221;][\/vc_hoverbox][\/vc_column][\/vc_row][vc_row wrap_container=&#8221;yes&#8221; is_section=&#8221;yes&#8221; section_skin=&#8221;parallax&#8221; remove_margin_top=&#8221;yes&#8221; remove_margin_bottom=&#8221;yes&#8221; remove_border=&#8221;yes&#8221;][vc_column offset=&#8221;vc_col-md-8&#8243;][vc_single_image image=&#8221;805&#8243; img_size=&#8221;100&#215;100&#8243; onclick=&#8221;custom_link&#8221; img_link_target=&#8221;_blank&#8221; animation_duration=&#8221;10000&#8243; animation_delay=&#8221;500&#8243; link=&#8221;https:\/\/www.instagram.com\/lespiedsdansthau\/&#8221; animation_type=&#8221;pulse&#8221;][vc_separator color=&#8221;custom&#8221; align=&#8221;align_left&#8221; border_width=&#8221;3&#8243; type=&#8221;small&#8221; gap=&#8221;short&#8221; accent_color=&#8221;#bc9552&#8243;][vc_column_text el_class=&#8221;m-b-none&#8221;]<\/p>\n<div class=\"micro-map-info\">\n<div class=\"micro-map-info-detail\"><\/div>\n<div class=\"micro-map-info-detail\">\u00a0N\u00b0 de t\u00e9l\u00e9phone : 06.16.39.97.81<\/div>\n<\/div>\n<div>Mail: lespiedsdansthau@gmail.com<\/div>\n<p>[\/vc_column_text][vc_facebook type=&#8221;box_count&#8221; css_animation=&#8221;bounceInLeft&#8221; el_class=&#8221;https:\/\/www.facebook.com\/lespiedsdansthau&#8221; el_id=&#8221;www.facebook.com\/lespiedsdansthau\/&#8221;][\/vc_column][vc_column offset=&#8221;vc_col-md-4&#8243;][vc_row_inner gap=&#8221;1&#8243; el_class=&#8221;micro-map box-shadow-custom&#8221;][vc_column_inner offset=&#8221;vc_col-xs-6&#8243;][vc_gmaps link=&#8221;#E-8_JTNDaWZyYW1lJTIwc3JjJTNEJTIyaHR0cHMlM0ElMkYlMkZ3d3cuZ29vZ2xlLmNvbSUyRm1hcHMlMkZlbWJlZCUzRnBiJTNEJTIxMW0xNiUyMTFtMTIlMjExbTMlMjExZDM4ODc0LjIzMDkzMDQ5MjE5JTIxMmQzLjUxMTQzNjI1ODkxOTA3MSUyMTNkNDMuMzQyMTM4Mzg0OTE1NjIlMjEybTMlMjExZjAlMjEyZjAlMjEzZjAlMjEzbTIlMjExaTEwMjQlMjEyaTc2OCUyMTRmMTMuMSUyMTJtMSUyMTFzbGVzJTI1MjBwaWVkcyUyNTIwZGFucyUyNTIwdGhhdSUyMTVlMCUyMTNtMiUyMTFzZnIlMjEyc2ZyJTIxNHYxNTgzMTg0Mjk4NjUzJTIxNW0yJTIxMXNmciUyMTJzZnIlMjIlMjB3aWR0aCUzRCUyMjYwMCUyMiUyMGhlaWdodCUzRCUyMjQ1MCUyMiUyMGZyYW1lYm9yZGVyJTNEJTIyMCUyMiUyMHN0eWxlJTNEJTIyYm9yZGVyJTNBMCUzQiUyMiUyMGFsbG93ZnVsbHNjcmVlbiUzRCUyMiUyMiUzRSUzQyUyRmlmcmFtZSUzRQ==&#8221;][\/vc_column_inner][\/vc_row_inner][\/vc_column][\/vc_row][vc_row wrap_container=&#8221;yes&#8221; parallax=&#8221;content-moving&#8221; parallax_image=&#8221;78&#8243; text_align=&#8221;center&#8221; is_section=&#8221;yes&#8221; section_skin=&#8221;primary&#8221; remove_margin_top=&#8221;yes&#8221; remove_margin_bottom=&#8221;yes&#8221; remove_border=&#8221;yes&#8221; el_class=&#8221;p-b-lg&#8221; css=&#8221;.vc_custom_1505226167162{background-color: #bc9552 !important;}&#8221;][vc_column][vc_separator color=&#8221;custom&#8221; border_width=&#8221;3&#8243; type=&#8221;small&#8221; gap=&#8221;short&#8221; accent_color=&#8221;#ffffff&#8221;][vc_row_inner][vc_column_inner][vc_custom_heading text=&#8221;Voir tous nos avis :&#8221; font_container=&#8221;tag:h3|text_align:center&#8221; use_theme_fonts=&#8221;yes&#8221; text_transform=&#8221;text-uppercase&#8221; skin=&#8221;light&#8221; el_class=&#8221;m-b-xs m-t-md&#8221;][vc_empty_space][\/vc_column_inner][\/vc_row_inner][vc_row_inner][vc_column_inner width=&#8221;1\/3&#8243;][vc_btn title=&#8221;Les avis sur LA Chambre des Onglous&#8221; style=&#8221;3d&#8221; shape=&#8221;rounded&#8221; color=&#8221;turquoise&#8221; size=&#8221;xl&#8221; align=&#8221;center&#8221; custom_onclick=&#8221;true&#8221; link=&#8221;url:%20https%3A%2F%2Fwww.google.com%2Ftravel%2Fhotels%2Fla.chambre%2520des%2520onglous.%2Fentity%2FCgsIg4mTrcS_3oOYARAB%2Freviews%3Fq%3Dla.chambre%2520des%2520onglous.%26g2lb%3D2502548%252C2503771%252C2503781%252C4258168%252C4270442%252C4284970%252C4291517%252C4306835%252C4429191%252C4597339%252C4718358%252C4723331%252C4731329%252C4754388%252C4757164%252C4778035%252C4814050%252C4861688%252C4864715%252C4874190%252C4886082%252C4886480%252C4890098%252C4893075%252C4902277%252C4906050%252C4910829%252C4920622%252C4926165%252C4926489%252C4931360%252C4931985%26hl%3Dfr-FR%26gl%3Dfr%26ssta%3D1%26rp%3DEIOJk63Ev96DmAEQg4mTrcS_3oOYATgCQABIAcABAg%26ictx%3D1%26sa%3DX%26ved%3D0CAAQ5JsGahcKEwiwsvv7mc78AhUAAAAAHQAAAAAQBA%26utm_campaign%3Dsharing%26utm_medium%3Dlink%26utm_source%3Dhtls%26ts%3DCAESABpJCisSJzIlMHgxMmIxM2JjZWVkYzg4NTNmOjB4OTgwNzc5ZmM0NWE0YzQ4MxoAEhoSFAoHCOcPEAEYEhIHCOcPEAEYExgBMgIQACoJCgU6A0VVUhoA||target:%20_blank|&#8221; custom_onclick_code=&#8221;_aboutblank&#8221;][\/vc_column_inner][vc_column_inner width=&#8221;1\/3&#8243;][vc_btn title=&#8221;Les avis sur La R\u00e9sidence Le Port&#8221; style=&#8221;3d&#8221; shape=&#8221;rounded&#8221; color=&#8221;warning&#8221; size=&#8221;xl&#8221; align=&#8221;center&#8221; custom_onclick=&#8221;true&#8221; link=&#8221;url:%20https%3A%2F%2Fwww.google.com%2Ftravel%2Fhotels%2Fresidence%2520le%2520port%2520marseillan%2Fentity%2FCgsIuZ-P4IvIg7HNARAB%2Freviews%3Fq%3Dresidence%2520le%2520port%2520marseillan%26g2lb%3D2502548%252C2503771%252C2503781%252C4258168%252C4270442%252C4284970%252C4291517%252C4306835%252C4429191%252C4597339%252C4718358%252C4723331%252C4731329%252C4754388%252C4757164%252C4778035%252C4814050%252C4861688%252C4864715%252C4874190%252C4886082%252C4886480%252C4890098%252C4893075%252C4902277%252C4906050%252C4910829%252C4920622%252C4926165%252C4926489%252C4931360%252C4931985%26hl%3Dfr-FR%26gl%3Dfr%26ssta%3D1%26rp%3DELmfj-CLyIOxzQEQuZ-P4IvIg7HNATgCQABIAcABAg%26ictx%3D1%26sa%3DX%26ved%3D0CAAQ5JsGahcKEwjA3q36ms78AhUAAAAAHQAAAAAQBA%26utm_campaign%3Dsharing%26utm_medium%3Dlink%26utm_source%3Dhtls%26ts%3DCAESCgoCCAMKAggDEAEaSQorEicyJTB4MTJiMTM5YmNkYTY2OWM2ZDoweGNkNjIwZTQwYmMwM2NmYjkaABIaEhQKBwjnDxACGAMSBwjnDxACGAQYATICEAAqBAoAGgA||target:%20_blank|&#8221; custom_onclick_code=&#8221;_aboutblank&#8221;][\/vc_column_inner][vc_column_inner width=&#8221;1\/3&#8243;][vc_btn title=&#8221;Les avis sur La Villa Les Pieds Dans Thau&#8221; style=&#8221;3d&#8221; shape=&#8221;rounded&#8221; color=&#8221;turquoise&#8221; size=&#8221;xl&#8221; align=&#8221;center&#8221; custom_onclick=&#8221;true&#8221; link=&#8221;url:https%3A%2F%2Fwww.abritel.fr%2Flocation-vacances%2Fp672722%3FadultsCount%3D10%26arrival%3D2021-04-10%26departure%3D2021-04-17%23reviews||target:%20_blank|&#8221; custom_onclick_code=&#8221;_aboutblank&#8221;][\/vc_column_inner][\/vc_row_inner][\/vc_column][\/vc_row][vc_row wrap_container=&#8221;yes&#8221; parallax=&#8221;content-moving&#8221; parallax_image=&#8221;182&#8243; parallax_speed_bg=&#8221;2&#8243; text_align=&#8221;center&#8221; is_section=&#8221;yes&#8221; section_skin=&#8221;parallax&#8221; remove_margin_top=&#8221;yes&#8221; remove_margin_bottom=&#8221;yes&#8221; remove_border=&#8221;yes&#8221; enable_overlay=&#8221;enable_overlay_value&#8221; overlay_color=&#8221;rgba(0,0,0,0.4)&#8221;][vc_column][vc_custom_heading text=&#8221;Profitez de nos h\u00e9bergements au bord de l&#8217;\u00e9tang de Thau&#8221; font_container=&#8221;tag:h3|text_align:center&#8221; use_theme_fonts=&#8221;yes&#8221; text_transform=&#8221;text-uppercase&#8221; skin=&#8221;light&#8221; el_class=&#8221;m-b-xs m-t-none&#8221;][vc_column_text el_class=&#8221;lead text-color-light&#8221;]Fa\u00eetes votre r\u00e9servation d\u00e8s maintenant en obtenant les meilleurs prix ![\/vc_column_text][\/vc_column][\/vc_row][vc_row][vc_column][\/vc_column][\/vc_row][vc_row][vc_column][vc_btn title=&#8221;R\u00e9servez &#8221; link=&#8221;url:https%3A%2F%2Flespiedsdansthau.fr%2Findex.php%2Fnos-hebergements%2Fla-maison-de-georges%2F|title:R%C3%A9sidence%20Le%20Port%20Appartement%20Hippocampe&#8221;][\/vc_column][\/vc_row]<\/p>\n<\/div>","protected":false},"excerpt":{"rendered":"<p>[vc_row][vc_column][vc_empty_space][vc_btn title=&#8221;R\u00e9servation en ligne&#8221; shape=&#8221;round&#8221; color=&#8221;juicy-pink&#8221; size=&#8221;xl&#8221; skin=&#8221;primary&#8221; animation_duration=&#8221;10000&#8243; animation_delay=&#8221;500&#8243; link=&#8221;url:https%3A%2F%2Fles-pieds-dans-thau.amenitiz.io%2Ffr%2Fbooking%2Froom%3Finfo%255Barrival_date%255D%3D%26info%255Bdeparture_date%255D%3D%26info%255Btotal_adult%255D%3D1%26info%255Btotal_children%255D%3D0%26info%255Broom_id%255D%3D%26button%3D|||&#8221; css=&#8221;.vc_custom_1750772518169{background-position: center !important;background-repeat: no-repeat !important;background-size: cover !important;}&#8221; animation_type=&#8221;flash&#8221;][vc_custom_heading text=&#8221;Au coeur de Marseillan&#8221; font_container=&#8221;tag:h3|text_align:left&#8221; use_theme_fonts=&#8221;yes&#8221; text_transform=&#8221;text-uppercase&#8221; el_class=&#8221;m-t-lg m-b-none&#8221;][vc_column_text el_class=&#8221;lead m-t-xs&#8221;]Situ\u00e9s au coeur de Marseillan, nos h\u00e9bergements touristiques, aussi diversifi\u00e9s qu&#8217;ils soient, satisferont vos plus grands plaisirs&#8230;[\/vc_column_text][vc_column_text]Marseillan est un petit village de charme, au bord de [&hellip;]<\/p>\n","protected":false},"author":1,"featured_media":0,"parent":0,"menu_order":0,"comment_status":"closed","ping_status":"closed","template":"","meta":{"footnotes":""},"aioseo_notices":[],"_links":{"self":[{"href":"https:\/\/lespiedsdansthau.fr\/index.php\/wp-json\/wp\/v2\/pages\/143"}],"collection":[{"href":"https:\/\/lespiedsdansthau.fr\/index.php\/wp-json\/wp\/v2\/pages"}],"about":[{"href":"https:\/\/lespiedsdansthau.fr\/index.php\/wp-json\/wp\/v2\/types\/page"}],"author":[{"embeddable":true,"href":"https:\/\/lespiedsdansthau.fr\/index.php\/wp-json\/wp\/v2\/users\/1"}],"replies":[{"embeddable":true,"href":"https:\/\/lespiedsdansthau.fr\/index.php\/wp-json\/wp\/v2\/comments?post=143"}],"version-history":[{"count":137,"href":"https:\/\/lespiedsdansthau.fr\/index.php\/wp-json\/wp\/v2\/pages\/143\/revisions"}],"predecessor-version":[{"id":1090,"href":"https:\/\/lespiedsdansthau.fr\/index.php\/wp-json\/wp\/v2\/pages\/143\/revisions\/1090"}],"wp:attachment":[{"href":"https:\/\/lespiedsdansthau.fr\/index.php\/wp-json\/wp\/v2\/media?parent=143"}],"curies":[{"name":"wp","href":"https:\/\/api.w.org\/{rel}","templated":true}]}}