{"id":56,"date":"2016-10-06T09:03:23","date_gmt":"2016-10-06T07:03:23","guid":{"rendered":"http:\/\/sw-themes.com\/porto_dummy\/?page_id=56"},"modified":"2025-06-24T15:27:42","modified_gmt":"2025-06-24T13:27:42","slug":"la-villa-les-pieds-dans-thau","status":"publish","type":"page","link":"https:\/\/lespiedsdansthau.fr\/index.php\/nos-hebergements\/la-villa-les-pieds-dans-thau\/","title":{"rendered":"La Villa Les Pieds Dans Thau"},"content":{"rendered":"<div class=\"wpb-content-wrapper\"><p>[vc_row][vc_column width=&#8221;1\/2&#8243;][vc_custom_heading text=&#8221;La Villa Les Pieds Dans Thau&#8221; font_container=&#8221;tag:h3|text_align:left&#8221; use_theme_fonts=&#8221;yes&#8221; text_transform=&#8221;text-uppercase&#8221; el_class=&#8221;m-t-md m-b-none&#8221;][vc_images_carousel images=&#8221;507,633,628,498,383,411,413,502,501,504,492,491,636,635,625,612,1032,1035,1037,1036,1041,1039,385,839,836,494,254,1047,1049,1048,632,1050,615,490&#8243; img_size=&#8221;300&#215;300&#8243; onclick=&#8221;link_no&#8221; speed=&#8221;3000&#8243; autoplay=&#8221;yes&#8221; hide_prev_next_buttons=&#8221;yes&#8221; wrap=&#8221;yes&#8221;][vc_separator color=&#8221;custom&#8221; align=&#8221;align_left&#8221; border_width=&#8221;3&#8243; type=&#8221;small&#8221; gap=&#8221;short&#8221; accent_color=&#8221;#bc9552&#8243;][vc_column_text el_class=&#8221;lead m-t-md&#8221;]<\/p>\n<div class=\"c-bh-strip--carousel bui-carousel bui-carousel--small bui-u-bleed@small \" role=\"region\" data-bui-component=\"Carousel\">\n<div class=\"c-bh-strip bui-carousel__inner js-property-highlighted-facilities-strip\" data-et-click=\"customGoal:NAFLeOeJAdeOYSJXIYRCUEBC:2\" data-et-mouseenter=\"customGoal:NAFLeOeJAdeOYSJXIYRCUEBC:1\" data-bui-ref=\"carousel-container\">\n<div class=\"c-bh-strip__item c-bh-strip__facility bui-carousel__item\" data-bui-ref=\"carousel-item\">\n<div class=\"c-bh-strip__label\"><\/div>\n<\/div>\n<\/div>\n<div class=\"c-bh-strip__nav bui-carousel__nav\"><\/div>\n<\/div>\n<div class=\"hotel_description_wrapper_exp hp-description\">\n<div class=\"hp_desc_main_content\">\n<div id=\"summary\" data-et-click=\"customGoal:BUeeZaTaTaBEKMPXLae:2 customGoal:BUeeHNSPMWdMOdUBMHT:2 customGoal:BUeeHNSPdQEeWFWZTDWFC:2 customGoal:BUeeHNSPMWdMOdUEXXO:2 customGoal:BUeeHNSPdQEeXXaNSPRXXe:2 customGoal:BUeePHOOSINEGO:2 customGoal:BUeeHNSPVadIaCKe:2 customGoal:BUeeHNSPCaASBaRDSGEXO:2 customGoal:BUeeZdbaBMRbBYWKOBLHXT:2\" data-et-mouseenter=\"customGoal:BUeeZaTaTaBEKMPXLae:1 customGoal:BUeeHNSPMWdMOdUBMHT:1 customGoal:BUeeHNSPdQEeWFWZTDWFC:1 customGoal:BUeeHNSPMWdMOdUEXXO:1 customGoal:BUeeHNSPdQEeXXaNSPRXXe:1 customGoal:BUeePHOOSINEGO:1 customGoal:BUeeHNSPVadIaCKe:1 customGoal:BUeeHNSPCaASBaRDSGEXO:1 customGoal:BUeeZdbaBMRbBYWKOBLHXT:1\">\n<div id=\"property_description_content\">\n<p>La Villa Les Pieds dans Thau propose un h\u00e9bergement avec\u00a0 piscine priv\u00e9e (4.5m sur 10m) , terrain de p\u00e9tanque, portique pour enfant, parking priv\u00e9 sur une propri\u00e9t\u00e9 enti\u00e8rement clotur\u00e9e de 1750 m2. La Villa est enti\u00e8rement climatis\u00e9e et\u00a0 offre une vue imprenable sur l&#8217;Etang de Thau , elle est situ\u00e9e \u00e0 moins de 100m de l&#8217;Etang et\u00a0 se trouve \u00e0 34 km de\u00a0 l&#8217;a\u00e9roport de B\u00e9ziers et \u00e0 45 minutes de Montpellier.<\/p>\n<p>La villa dispose de 5 chambres, 3 salles de bains de nombreuses terrasses , d&#8217;une cuisine \u00e9quip\u00e9e, d&#8217;une buanderie et est tr\u00e8s bien \u00e9quip\u00e9e.<\/p>\n<p>Vous s\u00e9journerez \u00e0 11 km du Cap d&#8217;Agde et \u00e0 21 km de S\u00e8te. Enfin, l&#8217;a\u00e9roport de B\u00e9ziers-Cap d&#8217;Agde, le plus proche, est implant\u00e9 \u00e0 22 km de la Villa Les Pieds dans Thau.<\/p><\/div>\n<\/div>\n<p class=\"hp-desc-we-speak\">Nous parlons votre langue\u00a0!<\/p>\n<\/div>\n<\/div>\n<p>[\/vc_column_text][vc_row_inner][vc_column_inner width=&#8221;1\/2&#8243;][vc_column_text]<\/p>\n<ul>\n<li><label>LIT<\/label><\/li>\n<li>NOMBRE DE PERSONNES<\/li>\n<li>TAILLE<\/li>\n<li>VUE<\/li>\n<li>\u00c0 PARTIR DE<\/li>\n<\/ul>\n<p>[\/vc_column_text][\/vc_column_inner][vc_column_inner width=&#8221;1\/2&#8243;][vc_column_text]<b>5 lits<br \/>\n10 personnes<br \/>\n175 m\u00e8tres carr\u00e9<br \/>\n\u00c9tang de Thau<br \/>\n1250\u20ac \/ semaine<\/b>[\/vc_column_text][\/vc_column_inner][\/vc_row_inner][vc_row_inner][vc_column_inner width=&#8221;1\/2&#8243;][vc_column_text]&nbsp;<\/p>\n<p><span style=\"font-size: 18px;\"><strong>Location par minimum 7 Jours<\/strong><\/span>[\/vc_column_text][\/vc_column_inner][vc_column_inner width=&#8221;1\/2&#8243;][vc_column_text]&nbsp;<\/p>\n<p><strong><span style=\"font-size: 18px;\">De 1950 \u20ac A 3250 \u20ac<\/span><\/strong><\/p>\n<p><strong><span style=\"font-size: 18px;\">Contactez nous<\/span><\/strong><\/p>\n<p><strong><span style=\"font-size: 18px;\"><a href=\"mailto:lespiedsdansthau@gmail.com\">lespiedsdansthau@gmail.com<\/a><\/span><\/strong>[\/vc_column_text][\/vc_column_inner][\/vc_row_inner][vc_btn title=&#8221;R\u00e9server d\u00e8s maintenant&#8221; shape=&#8221;rounded&#8221; color=&#8221;chino&#8221; size=&#8221;xl&#8221; align=&#8221;center&#8221; link=&#8221;url:http%3A%2F%2Flespiedsdansthau.fr%2Findex.php%2Fbook-now%2F|||&#8221;][\/vc_column][vc_column width=&#8221;1\/2&#8243;][vc_video link=&#8221;https:\/\/youtu.be\/09cAzEru4Sw&#8221; title=&#8221;Visite ext\u00e9rieure&#8221;][\/vc_column][\/vc_row][vc_row][vc_column][vc_images_carousel images=&#8221;507,633,628,498,413,502,501,504,492,491,636,635,612,1032,1035,1037,1036,1041,1039,385,839,836,494,254,1047,1049,1048,632,1050,411,625,615,490&#8243; img_size=&#8221;1000&#215;1000&#8243; onclick=&#8221;link_no&#8221; speed=&#8221;3000&#8243; autoplay=&#8221;yes&#8221; hide_prev_next_buttons=&#8221;yes&#8221; wrap=&#8221;yes&#8221;][\/vc_column][\/vc_row]<\/p>\n<\/div>","protected":false},"excerpt":{"rendered":"<p>[vc_row][vc_column width=&#8221;1\/2&#8243;][vc_custom_heading text=&#8221;La Villa Les Pieds Dans Thau&#8221; font_container=&#8221;tag:h3|text_align:left&#8221; use_theme_fonts=&#8221;yes&#8221; text_transform=&#8221;text-uppercase&#8221; el_class=&#8221;m-t-md m-b-none&#8221;][vc_images_carousel images=&#8221;507,633,628,498,383,411,413,502,501,504,492,491,636,635,625,612,1032,1035,1037,1036,1041,1039,385,839,836,494,254,1047,1049,1048,632,1050,615,490&#8243; img_size=&#8221;300&#215;300&#8243; onclick=&#8221;link_no&#8221; speed=&#8221;3000&#8243; autoplay=&#8221;yes&#8221; hide_prev_next_buttons=&#8221;yes&#8221; wrap=&#8221;yes&#8221;][vc_separator color=&#8221;custom&#8221; align=&#8221;align_left&#8221; border_width=&#8221;3&#8243; type=&#8221;small&#8221; gap=&#8221;short&#8221; accent_color=&#8221;#bc9552&#8243;][vc_column_text el_class=&#8221;lead m-t-md&#8221;] La Villa Les Pieds dans Thau propose un h\u00e9bergement avec\u00a0 piscine priv\u00e9e (4.5m sur 10m) , terrain de p\u00e9tanque, portique pour enfant, parking priv\u00e9 sur une propri\u00e9t\u00e9 [&hellip;]<\/p>\n","protected":false},"author":1,"featured_media":0,"parent":13,"menu_order":0,"comment_status":"closed","ping_status":"closed","template":"","meta":{"footnotes":""},"aioseo_notices":[],"_links":{"self":[{"href":"https:\/\/lespiedsdansthau.fr\/index.php\/wp-json\/wp\/v2\/pages\/56"}],"collection":[{"href":"https:\/\/lespiedsdansthau.fr\/index.php\/wp-json\/wp\/v2\/pages"}],"about":[{"href":"https:\/\/lespiedsdansthau.fr\/index.php\/wp-json\/wp\/v2\/types\/page"}],"author":[{"embeddable":true,"href":"https:\/\/lespiedsdansthau.fr\/index.php\/wp-json\/wp\/v2\/users\/1"}],"replies":[{"embeddable":true,"href":"https:\/\/lespiedsdansthau.fr\/index.php\/wp-json\/wp\/v2\/comments?post=56"}],"version-history":[{"count":31,"href":"https:\/\/lespiedsdansthau.fr\/index.php\/wp-json\/wp\/v2\/pages\/56\/revisions"}],"predecessor-version":[{"id":1085,"href":"https:\/\/lespiedsdansthau.fr\/index.php\/wp-json\/wp\/v2\/pages\/56\/revisions\/1085"}],"up":[{"embeddable":true,"href":"https:\/\/lespiedsdansthau.fr\/index.php\/wp-json\/wp\/v2\/pages\/13"}],"wp:attachment":[{"href":"https:\/\/lespiedsdansthau.fr\/index.php\/wp-json\/wp\/v2\/media?parent=56"}],"curies":[{"name":"wp","href":"https:\/\/api.w.org\/{rel}","templated":true}]}}

<div class="wpb-content-wrapper"><p>[vc_row][vc_column width=&#8221;1/2&#8243;][vc_custom_heading text=&#8221;La Villa Les Pieds Dans Thau&#8221; font_container=&#8221;tag:h3|text_align:left&#8221; use_theme_fonts=&#8221;yes&#8221; text_transform=&#8221;text-uppercase&#8221; el_class=&#8221;m-t-md m-b-none&#8221;][vc_images_carousel images=&#8221;507,633,628,498,383,411,413,502,501,504,492,491,636,635,625,612,1032,1035,1037,1036,1041,1039,385,839,836,494,254,1047,1049,1048,632,1050,615,490&#8243; img_size=&#8221;300&#215;300&#8243; onclick=&#8221;link_no&#8221; speed=&#8221;3000&#8243; autoplay=&#8221;yes&#8221; hide_prev_next_buttons=&#8221;yes&#8221; wrap=&#8221;yes&#8221;][vc_separator color=&#8221;custom&#8221; align=&#8221;align_left&#8221; border_width=&#8221;3&#8243; type=&#8221;small&#8221; gap=&#8221;short&#8221; accent_color=&#8221;#bc9552&#8243;][vc_column_text el_class=&#8221;lead m-t-md&#8221;]</p>
<div class="c-bh-strip--carousel bui-carousel bui-carousel--small bui-u-bleed@small " role="region" data-bui-component="Carousel">
<div class="c-bh-strip bui-carousel__inner js-property-highlighted-facilities-strip" data-et-click="customGoal:NAFLeOeJAdeOYSJXIYRCUEBC:2" data-et-mouseenter="customGoal:NAFLeOeJAdeOYSJXIYRCUEBC:1" data-bui-ref="carousel-container">
<div class="c-bh-strip__item c-bh-strip__facility bui-carousel__item" data-bui-ref="carousel-item">
<div class="c-bh-strip__label"></div>
</div>
</div>
<div class="c-bh-strip__nav bui-carousel__nav"></div>
</div>
<div class="hotel_description_wrapper_exp hp-description">
<div class="hp_desc_main_content">
<div id="summary" data-et-click="customGoal:BUeeZaTaTaBEKMPXLae:2 customGoal:BUeeHNSPMWdMOdUBMHT:2 customGoal:BUeeHNSPdQEeWFWZTDWFC:2 customGoal:BUeeHNSPMWdMOdUEXXO:2 customGoal:BUeeHNSPdQEeXXaNSPRXXe:2 customGoal:BUeePHOOSINEGO:2 customGoal:BUeeHNSPVadIaCKe:2 customGoal:BUeeHNSPCaASBaRDSGEXO:2 customGoal:BUeeZdbaBMRbBYWKOBLHXT:2" data-et-mouseenter="customGoal:BUeeZaTaTaBEKMPXLae:1 customGoal:BUeeHNSPMWdMOdUBMHT:1 customGoal:BUeeHNSPdQEeWFWZTDWFC:1 customGoal:BUeeHNSPMWdMOdUEXXO:1 customGoal:BUeeHNSPdQEeXXaNSPRXXe:1 customGoal:BUeePHOOSINEGO:1 customGoal:BUeeHNSPVadIaCKe:1 customGoal:BUeeHNSPCaASBaRDSGEXO:1 customGoal:BUeeZdbaBMRbBYWKOBLHXT:1">
<div id="property_description_content">
<p>La Villa Les Pieds dans Thau propose un hébergement avec  piscine privée (4.5m sur 10m) , terrain de pétanque, portique pour enfant, parking privé sur une propriété entièrement cloturée de 1750 m2. La Villa est entièrement climatisée et  offre une vue imprenable sur l&#8217;Etang de Thau , elle est située à moins de 100m de l&#8217;Etang et  se trouve à 34 km de  l&#8217;aéroport de Béziers et à 45 minutes de Montpellier.</p>
<p>La villa dispose de 5 chambres, 3 salles de bains de nombreuses terrasses , d&#8217;une cuisine équipée, d&#8217;une buanderie et est très bien équipée.</p>
<p>Vous séjournerez à 11 km du Cap d&#8217;Agde et à 21 km de Sète. Enfin, l&#8217;aéroport de Béziers-Cap d&#8217;Agde, le plus proche, est implanté à 22 km de la Villa Les Pieds dans Thau.</p></div>
</div>
<p class="hp-desc-we-speak">Nous parlons votre langue !</p>
</div>
</div>
<p>[/vc_column_text][vc_row_inner][vc_column_inner width=&#8221;1/2&#8243;][vc_column_text]</p>
<ul>
<li><label>LIT</label></li>
<li>NOMBRE DE PERSONNES</li>
<li>TAILLE</li>
<li>VUE</li>
<li>À PARTIR DE</li>
</ul>
<p>[/vc_column_text][/vc_column_inner][vc_column_inner width=&#8221;1/2&#8243;][vc_column_text]<b>5 lits<br />
10 personnes<br />
175 mètres carré<br />
Étang de Thau<br />
1250€ / semaine</b>[/vc_column_text][/vc_column_inner][/vc_row_inner][vc_row_inner][vc_column_inner width=&#8221;1/2&#8243;][vc_column_text]&nbsp;</p>
<p><span style="font-size: 18px;"><strong>Location par minimum 7 Jours</strong></span>[/vc_column_text][/vc_column_inner][vc_column_inner width=&#8221;1/2&#8243;][vc_column_text]&nbsp;</p>
<p><strong><span style="font-size: 18px;">De 1950 € A 3250 €</span></strong></p>
<p><strong><span style="font-size: 18px;">Contactez nous</span></strong></p>
<p><strong><span style="font-size: 18px;"><a href="mailto:lespiedsdansthau@gmail.com">lespiedsdansthau@gmail.com</a></span></strong>[/vc_column_text][/vc_column_inner][/vc_row_inner][vc_btn title=&#8221;Réserver dès maintenant&#8221; shape=&#8221;rounded&#8221; color=&#8221;chino&#8221; size=&#8221;xl&#8221; align=&#8221;center&#8221; link=&#8221;url:http%3A%2F%2Flespiedsdansthau.fr%2Findex.php%2Fbook-now%2F|||&#8221;][/vc_column][vc_column width=&#8221;1/2&#8243;][vc_video link=&#8221;https://youtu.be/09cAzEru4Sw&#8221; title=&#8221;Visite extérieure&#8221;][/vc_column][/vc_row][vc_row][vc_column][vc_images_carousel images=&#8221;507,633,628,498,413,502,501,504,492,491,636,635,612,1032,1035,1037,1036,1041,1039,385,839,836,494,254,1047,1049,1048,632,1050,411,625,615,490&#8243; img_size=&#8221;1000&#215;1000&#8243; onclick=&#8221;link_no&#8221; speed=&#8221;3000&#8243; autoplay=&#8221;yes&#8221; hide_prev_next_buttons=&#8221;yes&#8221; wrap=&#8221;yes&#8221;][/vc_column][/vc_row]</p>
</div>

<p>[vc_row][vc_column width=&#8221;1/2&#8243;][vc_custom_heading text=&#8221;La Villa Les Pieds Dans Thau&#8221; font_container=&#8221;tag:h3|text_align:left&#8221; use_theme_fonts=&#8221;yes&#8221; text_transform=&#8221;text-uppercase&#8221; el_class=&#8221;m-t-md m-b-none&#8221;][vc_images_carousel images=&#8221;507,633,628,498,383,411,413,502,501,504,492,491,636,635,625,612,1032,1035,1037,1036,1041,1039,385,839,836,494,254,1047,1049,1048,632,1050,615,490&#8243; img_size=&#8221;300&#215;300&#8243; onclick=&#8221;link_no&#8221; speed=&#8221;3000&#8243; autoplay=&#8221;yes&#8221; hide_prev_next_buttons=&#8221;yes&#8221; wrap=&#8221;yes&#8221;][vc_separator color=&#8221;custom&#8221; align=&#8221;align_left&#8221; border_width=&#8221;3&#8243; type=&#8221;small&#8221; gap=&#8221;short&#8221; accent_color=&#8221;#bc9552&#8243;][vc_column_text el_class=&#8221;lead m-t-md&#8221;] La Villa Les Pieds dans Thau propose un hébergement avec  piscine privée (4.5m sur 10m) , terrain de pétanque, portique pour enfant, parking privé sur une propriété [&hellip;]</p>
