{"id":720,"date":"2021-11-02T16:23:10","date_gmt":"2021-11-02T15:23:10","guid":{"rendered":"http:\/\/lespiedsdansthau.fr\/?page_id=720"},"modified":"2025-06-24T15:19:46","modified_gmt":"2025-06-24T13:19:46","slug":"residence-le-port-appartement-hippocampe","status":"publish","type":"page","link":"https:\/\/lespiedsdansthau.fr\/index.php\/nos-hebergements\/residence-le-port-appartement-hippocampe\/","title":{"rendered":"R\u00e9sidence Le Port Appartement Taquet"},"content":{"rendered":"<div class=\"wpb-content-wrapper\"><p>[vc_row][vc_column width=&#8221;2\/3&#8243; text_align=&#8221;left&#8221;][vc_btn title=&#8221;R\u00e9servation en ligne&#8221; style=&#8221;3d&#8221; shape=&#8221;rounded&#8221; color=&#8221;juicy-pink&#8221; size=&#8221;xl&#8221; animation_duration=&#8221;7000&#8243; animation_delay=&#8221;500&#8243; link=&#8221;url:%20https%3A%2F%2Fles-pieds-dans-thau.amenitiz.io%2Ffr%2Fbooking%2Froom|||&#8221; animation_type=&#8221;pulse&#8221;][vc_column_text]<\/p>\n<div class=\"wp-block-columns is-layout-flex wp-container-core-columns-layout-1 wp-block-columns-is-layout-flex\">\n<div class=\"wp-block-column is-layout-flow wp-block-column-is-layout-flow\">\n<p><strong><em>Appartement 2 chambres<\/em><\/strong><\/p>\n<p>la Residence Le Port \u2013 Appartement Le Taquet est situ\u00e9e \u00e0 Marseillan. S\u00e8te se trouve \u00e0 24 km.<\/p>\n<\/div>\n<div class=\"wp-block-column\">\n<div id=\"summary\" data-et-click=\"customGoal:BUeeZaTaTaBEKMPXLae:2 customGoal:BUeeHNSPMWdMOdUBMHT:2 customGoal:BUeeHNSPdQEeWFWZTDWFC:2 customGoal:BUeeHNSPMWdMOdUEXXO:2 customGoal:BUeeHNSPdQEeXXaNSPRXXe:2 customGoal:BUeePHOOSINEGO:2 customGoal:BUeeHNSPVadIaCKe:2 customGoal:BUeeHNSPCaASBaRDSGEXO:2 customGoal:BUeeZdbaBMRbBYWKOBLHXT:2\" data-et-mouseenter=\"customGoal:BUeeZaTaTaBEKMPXLae:1 customGoal:BUeeHNSPMWdMOdUBMHT:1 customGoal:BUeeHNSPdQEeWFWZTDWFC:1 customGoal:BUeeHNSPMWdMOdUEXXO:1 customGoal:BUeeHNSPdQEeXXaNSPRXXe:1 customGoal:BUeePHOOSINEGO:1 customGoal:BUeeHNSPVadIaCKe:1 customGoal:BUeeHNSPCaASBaRDSGEXO:1 customGoal:BUeeZdbaBMRbBYWKOBLHXT:1\">\n<div id=\"property_description_content\">\n<div id=\"summary\" data-et-click=\"customGoal:BUeeZaTaTaBEKMPXLae:2 customGoal:BUeeHNSPMWdMOdUBMHT:2 customGoal:BUeeHNSPdQEeWFWZTDWFC:2 customGoal:BUeeHNSPMWdMOdUEXXO:2 customGoal:BUeeHNSPdQEeXXaNSPRXXe:2 customGoal:BUeePHOOSINEGO:2 customGoal:BUeeHNSPVadIaCKe:2 customGoal:BUeeHNSPCaASBaRDSGEXO:2 customGoal:BUeeZdbaBMRbBYWKOBLHXT:2\" data-et-mouseenter=\"customGoal:BUeeZaTaTaBEKMPXLae:1 customGoal:BUeeHNSPMWdMOdUBMHT:1 customGoal:BUeeHNSPdQEeWFWZTDWFC:1 customGoal:BUeeHNSPMWdMOdUEXXO:1 customGoal:BUeeHNSPdQEeXXaNSPRXXe:1 customGoal:BUeePHOOSINEGO:1 customGoal:BUeeHNSPVadIaCKe:1 customGoal:BUeeHNSPCaASBaRDSGEXO:1 customGoal:BUeeZdbaBMRbBYWKOBLHXT:1\">\n<div id=\"property_description_content\">\n<div class=\"wp-block-column\">\n<p>L\u2019appartement se compose de 2 chambres, d\u2019une kitchenette et d\u2019une salle de bains.<\/p>\n<\/div>\n<div class=\"wp-block-column\">\n<div id=\"summary\" data-et-click=\"customGoal:BUeeZaTaTaBEKMPXLae:2 customGoal:BUeeHNSPMWdMOdUBMHT:2 customGoal:BUeeHNSPdQEeWFWZTDWFC:2 customGoal:BUeeHNSPMWdMOdUEXXO:2 customGoal:BUeeHNSPdQEeXXaNSPRXXe:2 customGoal:BUeePHOOSINEGO:2 customGoal:BUeeHNSPVadIaCKe:2 customGoal:BUeeHNSPCaASBaRDSGEXO:2 customGoal:BUeeZdbaBMRbBYWKOBLHXT:2\" data-et-mouseenter=\"customGoal:BUeeZaTaTaBEKMPXLae:1 customGoal:BUeeHNSPMWdMOdUBMHT:1 customGoal:BUeeHNSPdQEeWFWZTDWFC:1 customGoal:BUeeHNSPMWdMOdUEXXO:1 customGoal:BUeeHNSPdQEeXXaNSPRXXe:1 customGoal:BUeePHOOSINEGO:1 customGoal:BUeeHNSPVadIaCKe:1 customGoal:BUeeHNSPCaASBaRDSGEXO:1 customGoal:BUeeZdbaBMRbBYWKOBLHXT:1\">\n<div id=\"property_description_content\">\n<div id=\"summary\" data-et-click=\"customGoal:BUeeZaTaTaBEKMPXLae:2 customGoal:BUeeHNSPMWdMOdUBMHT:2 customGoal:BUeeHNSPdQEeWFWZTDWFC:2 customGoal:BUeeHNSPMWdMOdUEXXO:2 customGoal:BUeeHNSPdQEeXXaNSPRXXe:2 customGoal:BUeePHOOSINEGO:2 customGoal:BUeeHNSPVadIaCKe:2 customGoal:BUeeHNSPCaASBaRDSGEXO:2 customGoal:BUeeZdbaBMRbBYWKOBLHXT:2\" data-et-mouseenter=\"customGoal:BUeeZaTaTaBEKMPXLae:1 customGoal:BUeeHNSPMWdMOdUBMHT:1 customGoal:BUeeHNSPdQEeWFWZTDWFC:1 customGoal:BUeeHNSPMWdMOdUEXXO:1 customGoal:BUeeHNSPdQEeXXaNSPRXXe:1 customGoal:BUeePHOOSINEGO:1 customGoal:BUeeHNSPVadIaCKe:1 customGoal:BUeeHNSPCaASBaRDSGEXO:1 customGoal:BUeeZdbaBMRbBYWKOBLHXT:1\">\n<div id=\"property_description_content\">\n<p>Vous s\u00e9journerez \u00e0 49 km de Montpellier et \u00e0 13 km du Cap d\u2019Agde. L\u2019a\u00e9roport de B\u00e9ziers-Cap d\u2019Agde, le plus proche, est implant\u00e9 \u00e0 18 km.<\/p>\n<\/div>\n<\/div>\n<\/div>\n<\/div>\n<\/div>\n<\/div>\n<\/div>\n<\/div>\n<\/div>\n<\/div>\n<\/div>\n<div class=\"wp-block-columns\">\n<div class=\"wp-block-column\">\n<div id=\"summary\" data-et-click=\"customGoal:BUeeZaTaTaBEKMPXLae:2 customGoal:BUeeHNSPMWdMOdUBMHT:2 customGoal:BUeeHNSPdQEeWFWZTDWFC:2 customGoal:BUeeHNSPMWdMOdUEXXO:2 customGoal:BUeeHNSPdQEeXXaNSPRXXe:2 customGoal:BUeePHOOSINEGO:2 customGoal:BUeeHNSPVadIaCKe:2 customGoal:BUeeHNSPCaASBaRDSGEXO:2 customGoal:BUeeZdbaBMRbBYWKOBLHXT:2\" data-et-mouseenter=\"customGoal:BUeeZaTaTaBEKMPXLae:1 customGoal:BUeeHNSPMWdMOdUBMHT:1 customGoal:BUeeHNSPdQEeWFWZTDWFC:1 customGoal:BUeeHNSPMWdMOdUEXXO:1 customGoal:BUeeHNSPdQEeXXaNSPRXXe:1 customGoal:BUeePHOOSINEGO:1 customGoal:BUeeHNSPVadIaCKe:1 customGoal:BUeeHNSPCaASBaRDSGEXO:1 customGoal:BUeeZdbaBMRbBYWKOBLHXT:1\">\n<div id=\"property_description_content\">\n<ul>\n<li><span style=\"color: #ff0000;\">-10 % 2 nuits week-end<\/span><\/li>\n<li><span style=\"color: #ff0000;\">-15 % 7 nuits et +<\/span><\/li>\n<li><span style=\"color: #ff0000;\">20% 3 nuits en Mid-Wee<\/span>k<\/li>\n<li>(10\/9 -31\/12)<\/li>\n<\/ul>\n<\/div>\n<\/div>\n<\/div>\n\n<\/div>\n<p>[\/vc_column_text][vc_column_text][\/vc_column_text][\/vc_column][vc_column width=&#8221;1\/3&#8243;][vc_images_carousel images=&#8221;723,742,745,746,754,751,759,762,756,757&#8243; img_size=&#8221;medium&#8221; autoplay=&#8221;yes&#8221; css_animation=&#8221;fadeIn&#8221;][\/vc_column][\/vc_row][vc_row][vc_column][vc_column_text][\/vc_column_text][\/vc_column][\/vc_row]<\/p>\n<\/div>","protected":false},"excerpt":{"rendered":"<p>[vc_row][vc_column width=&#8221;2\/3&#8243; text_align=&#8221;left&#8221;][vc_btn title=&#8221;R\u00e9servation en ligne&#8221; style=&#8221;3d&#8221; shape=&#8221;rounded&#8221; color=&#8221;juicy-pink&#8221; size=&#8221;xl&#8221; animation_duration=&#8221;7000&#8243; animation_delay=&#8221;500&#8243; link=&#8221;url:%20https%3A%2F%2Fles-pieds-dans-thau.amenitiz.io%2Ffr%2Fbooking%2Froom|||&#8221; animation_type=&#8221;pulse&#8221;][vc_column_text]Appartement 2 chambres la Residence Le Port \u2013 Appartement Le Taquet est situ\u00e9e \u00e0 Marseillan. S\u00e8te se trouve \u00e0 24 km. L\u2019appartement se compose de 2 chambres, d\u2019une kitchenette et d\u2019une salle de bains. Vous s\u00e9journerez \u00e0 49 km de Montpellier et [&hellip;]<\/p>\n","protected":false},"author":1,"featured_media":0,"parent":13,"menu_order":0,"comment_status":"closed","ping_status":"closed","template":"","meta":{"footnotes":""},"aioseo_notices":[],"_links":{"self":[{"href":"https:\/\/lespiedsdansthau.fr\/index.php\/wp-json\/wp\/v2\/pages\/720"}],"collection":[{"href":"https:\/\/lespiedsdansthau.fr\/index.php\/wp-json\/wp\/v2\/pages"}],"about":[{"href":"https:\/\/lespiedsdansthau.fr\/index.php\/wp-json\/wp\/v2\/types\/page"}],"author":[{"embeddable":true,"href":"https:\/\/lespiedsdansthau.fr\/index.php\/wp-json\/wp\/v2\/users\/1"}],"replies":[{"embeddable":true,"href":"https:\/\/lespiedsdansthau.fr\/index.php\/wp-json\/wp\/v2\/comments?post=720"}],"version-history":[{"count":41,"href":"https:\/\/lespiedsdansthau.fr\/index.php\/wp-json\/wp\/v2\/pages\/720\/revisions"}],"predecessor-version":[{"id":1082,"href":"https:\/\/lespiedsdansthau.fr\/index.php\/wp-json\/wp\/v2\/pages\/720\/revisions\/1082"}],"up":[{"embeddable":true,"href":"https:\/\/lespiedsdansthau.fr\/index.php\/wp-json\/wp\/v2\/pages\/13"}],"wp:attachment":[{"href":"https:\/\/lespiedsdansthau.fr\/index.php\/wp-json\/wp\/v2\/media?parent=720"}],"curies":[{"name":"wp","href":"https:\/\/api.w.org\/{rel}","templated":true}]}}

Résidence Le Port Appartement Taquet

<div class="wpb-content-wrapper"><p>[vc_row][vc_column width=&#8221;2/3&#8243; text_align=&#8221;left&#8221;][vc_btn title=&#8221;Réservation en ligne&#8221; style=&#8221;3d&#8221; shape=&#8221;rounded&#8221; color=&#8221;juicy-pink&#8221; size=&#8221;xl&#8221; animation_duration=&#8221;7000&#8243; animation_delay=&#8221;500&#8243; link=&#8221;url:%20https%3A%2F%2Fles-pieds-dans-thau.amenitiz.io%2Ffr%2Fbooking%2Froom|||&#8221; animation_type=&#8221;pulse&#8221;][vc_column_text]</p>
<div class="wp-block-columns is-layout-flex wp-container-core-columns-layout-1 wp-block-columns-is-layout-flex">
<div class="wp-block-column is-layout-flow wp-block-column-is-layout-flow">
<p><strong><em>Appartement 2 chambres</em></strong></p>
<p>la Residence Le Port – Appartement Le Taquet est située à Marseillan. Sète se trouve à 24 km.</p>
</div>
<div class="wp-block-column">
<div id="summary" data-et-click="customGoal:BUeeZaTaTaBEKMPXLae:2 customGoal:BUeeHNSPMWdMOdUBMHT:2 customGoal:BUeeHNSPdQEeWFWZTDWFC:2 customGoal:BUeeHNSPMWdMOdUEXXO:2 customGoal:BUeeHNSPdQEeXXaNSPRXXe:2 customGoal:BUeePHOOSINEGO:2 customGoal:BUeeHNSPVadIaCKe:2 customGoal:BUeeHNSPCaASBaRDSGEXO:2 customGoal:BUeeZdbaBMRbBYWKOBLHXT:2" data-et-mouseenter="customGoal:BUeeZaTaTaBEKMPXLae:1 customGoal:BUeeHNSPMWdMOdUBMHT:1 customGoal:BUeeHNSPdQEeWFWZTDWFC:1 customGoal:BUeeHNSPMWdMOdUEXXO:1 customGoal:BUeeHNSPdQEeXXaNSPRXXe:1 customGoal:BUeePHOOSINEGO:1 customGoal:BUeeHNSPVadIaCKe:1 customGoal:BUeeHNSPCaASBaRDSGEXO:1 customGoal:BUeeZdbaBMRbBYWKOBLHXT:1">
<div id="property_description_content">
<div id="summary" data-et-click="customGoal:BUeeZaTaTaBEKMPXLae:2 customGoal:BUeeHNSPMWdMOdUBMHT:2 customGoal:BUeeHNSPdQEeWFWZTDWFC:2 customGoal:BUeeHNSPMWdMOdUEXXO:2 customGoal:BUeeHNSPdQEeXXaNSPRXXe:2 customGoal:BUeePHOOSINEGO:2 customGoal:BUeeHNSPVadIaCKe:2 customGoal:BUeeHNSPCaASBaRDSGEXO:2 customGoal:BUeeZdbaBMRbBYWKOBLHXT:2" data-et-mouseenter="customGoal:BUeeZaTaTaBEKMPXLae:1 customGoal:BUeeHNSPMWdMOdUBMHT:1 customGoal:BUeeHNSPdQEeWFWZTDWFC:1 customGoal:BUeeHNSPMWdMOdUEXXO:1 customGoal:BUeeHNSPdQEeXXaNSPRXXe:1 customGoal:BUeePHOOSINEGO:1 customGoal:BUeeHNSPVadIaCKe:1 customGoal:BUeeHNSPCaASBaRDSGEXO:1 customGoal:BUeeZdbaBMRbBYWKOBLHXT:1">
<div id="property_description_content">
<div class="wp-block-column">
<p>L’appartement se compose de 2 chambres, d’une kitchenette et d’une salle de bains.</p>
</div>
<div class="wp-block-column">
<div id="summary" data-et-click="customGoal:BUeeZaTaTaBEKMPXLae:2 customGoal:BUeeHNSPMWdMOdUBMHT:2 customGoal:BUeeHNSPdQEeWFWZTDWFC:2 customGoal:BUeeHNSPMWdMOdUEXXO:2 customGoal:BUeeHNSPdQEeXXaNSPRXXe:2 customGoal:BUeePHOOSINEGO:2 customGoal:BUeeHNSPVadIaCKe:2 customGoal:BUeeHNSPCaASBaRDSGEXO:2 customGoal:BUeeZdbaBMRbBYWKOBLHXT:2" data-et-mouseenter="customGoal:BUeeZaTaTaBEKMPXLae:1 customGoal:BUeeHNSPMWdMOdUBMHT:1 customGoal:BUeeHNSPdQEeWFWZTDWFC:1 customGoal:BUeeHNSPMWdMOdUEXXO:1 customGoal:BUeeHNSPdQEeXXaNSPRXXe:1 customGoal:BUeePHOOSINEGO:1 customGoal:BUeeHNSPVadIaCKe:1 customGoal:BUeeHNSPCaASBaRDSGEXO:1 customGoal:BUeeZdbaBMRbBYWKOBLHXT:1">
<div id="property_description_content">
<div id="summary" data-et-click="customGoal:BUeeZaTaTaBEKMPXLae:2 customGoal:BUeeHNSPMWdMOdUBMHT:2 customGoal:BUeeHNSPdQEeWFWZTDWFC:2 customGoal:BUeeHNSPMWdMOdUEXXO:2 customGoal:BUeeHNSPdQEeXXaNSPRXXe:2 customGoal:BUeePHOOSINEGO:2 customGoal:BUeeHNSPVadIaCKe:2 customGoal:BUeeHNSPCaASBaRDSGEXO:2 customGoal:BUeeZdbaBMRbBYWKOBLHXT:2" data-et-mouseenter="customGoal:BUeeZaTaTaBEKMPXLae:1 customGoal:BUeeHNSPMWdMOdUBMHT:1 customGoal:BUeeHNSPdQEeWFWZTDWFC:1 customGoal:BUeeHNSPMWdMOdUEXXO:1 customGoal:BUeeHNSPdQEeXXaNSPRXXe:1 customGoal:BUeePHOOSINEGO:1 customGoal:BUeeHNSPVadIaCKe:1 customGoal:BUeeHNSPCaASBaRDSGEXO:1 customGoal:BUeeZdbaBMRbBYWKOBLHXT:1">
<div id="property_description_content">
<p>Vous séjournerez à 49 km de Montpellier et à 13 km du Cap d’Agde. L’aéroport de Béziers-Cap d’Agde, le plus proche, est implanté à 18 km.</p>
</div>
</div>
</div>
</div>
</div>
</div>
</div>
</div>
</div>
</div>
</div>
<div class="wp-block-columns">
<div class="wp-block-column">
<div id="summary" data-et-click="customGoal:BUeeZaTaTaBEKMPXLae:2 customGoal:BUeeHNSPMWdMOdUBMHT:2 customGoal:BUeeHNSPdQEeWFWZTDWFC:2 customGoal:BUeeHNSPMWdMOdUEXXO:2 customGoal:BUeeHNSPdQEeXXaNSPRXXe:2 customGoal:BUeePHOOSINEGO:2 customGoal:BUeeHNSPVadIaCKe:2 customGoal:BUeeHNSPCaASBaRDSGEXO:2 customGoal:BUeeZdbaBMRbBYWKOBLHXT:2" data-et-mouseenter="customGoal:BUeeZaTaTaBEKMPXLae:1 customGoal:BUeeHNSPMWdMOdUBMHT:1 customGoal:BUeeHNSPdQEeWFWZTDWFC:1 customGoal:BUeeHNSPMWdMOdUEXXO:1 customGoal:BUeeHNSPdQEeXXaNSPRXXe:1 customGoal:BUeePHOOSINEGO:1 customGoal:BUeeHNSPVadIaCKe:1 customGoal:BUeeHNSPCaASBaRDSGEXO:1 customGoal:BUeeZdbaBMRbBYWKOBLHXT:1">
<div id="property_description_content">
<ul>
<li><span style="color: #ff0000;">-10 % 2 nuits week-end</span></li>
<li><span style="color: #ff0000;">-15 % 7 nuits et +</span></li>
<li><span style="color: #ff0000;">20% 3 nuits en Mid-Wee</span>k</li>
<li>(10/9 -31/12)</li>
</ul>
</div>
</div>
</div>

</div>
<p>[/vc_column_text][vc_column_text][/vc_column_text][/vc_column][vc_column width=&#8221;1/3&#8243;][vc_images_carousel images=&#8221;723,742,745,746,754,751,759,762,756,757&#8243; img_size=&#8221;medium&#8221; autoplay=&#8221;yes&#8221; css_animation=&#8221;fadeIn&#8221;][/vc_column][/vc_row][vc_row][vc_column][vc_column_text][/vc_column_text][/vc_column][/vc_row]</p>
</div>

<p>[vc_row][vc_column width=&#8221;2/3&#8243; text_align=&#8221;left&#8221;][vc_btn title=&#8221;Réservation en ligne&#8221; style=&#8221;3d&#8221; shape=&#8221;rounded&#8221; color=&#8221;juicy-pink&#8221; size=&#8221;xl&#8221; animation_duration=&#8221;7000&#8243; animation_delay=&#8221;500&#8243; link=&#8221;url:%20https%3A%2F%2Fles-pieds-dans-thau.amenitiz.io%2Ffr%2Fbooking%2Froom|||&#8221; animation_type=&#8221;pulse&#8221;][vc_column_text]Appartement 2 chambres la Residence Le Port – Appartement Le Taquet est située à Marseillan. Sète se trouve à 24 km. L’appartement se compose de 2 chambres, d’une kitchenette et d’une salle de bains. Vous séjournerez à 49 km de Montpellier et [&hellip;]</p>
